{"id":1648,"date":"2023-09-12T23:42:52","date_gmt":"2023-09-13T05:42:52","guid":{"rendered":"https:\/\/uninnco.mx\/portal\/?page_id=1648"},"modified":"2024-07-10T20:51:41","modified_gmt":"2024-07-11T02:51:41","slug":"especialidad-en-filosofia-y-etica-de-la-innovacion","status":"publish","type":"page","link":"https:\/\/uninnco.mx\/portal\/especialidad-en-filosofia-y-etica-de-la-innovacion\/","title":{"rendered":"Especialidad en Filosof\u00eda y \u00c9tica de la Innovaci\u00f3n"},"content":{"rendered":"\t\t<div data-elementor-type=\"wp-page\" data-elementor-id=\"1648\" class=\"elementor elementor-1648\">\n\t\t\t\t\t\t\t<div class=\"elementor-element elementor-element-fd168c9 e-flex e-con-boxed e-con e-parent\" data-id=\"fd168c9\" data-element_type=\"container\" data-settings=\"{&quot;background_background&quot;:&quot;classic&quot;,&quot;content_width&quot;:&quot;boxed&quot;}\" data-core-v316-plus=\"true\">\n\t\t\t\t\t<div class=\"e-con-inner\">\n\t\t\t\t<div class=\"elementor-element elementor-element-47be928 elementor-widget elementor-widget-heading\" data-id=\"47be928\" data-element_type=\"widget\" data-widget_type=\"heading.default\">\n\t\t\t\t<div class=\"elementor-widget-container\">\n\t\t\t<style>\/*! elementor - v3.16.0 - 20-09-2023 *\/\n.elementor-heading-title{padding:0;margin:0;line-height:1}.elementor-widget-heading .elementor-heading-title[class*=elementor-size-]>a{color:inherit;font-size:inherit;line-height:inherit}.elementor-widget-heading .elementor-heading-title.elementor-size-small{font-size:15px}.elementor-widget-heading .elementor-heading-title.elementor-size-medium{font-size:19px}.elementor-widget-heading .elementor-heading-title.elementor-size-large{font-size:29px}.elementor-widget-heading .elementor-heading-title.elementor-size-xl{font-size:39px}.elementor-widget-heading .elementor-heading-title.elementor-size-xxl{font-size:59px}<\/style><h2 class=\"elementor-heading-title elementor-size-default\">Especialidad en Filosof\u00eda y \u00c9tica de la Innovaci\u00f3n<\/h2>\t\t<\/div>\n\t\t\t\t<\/div>\n\t\t\t\t<div class=\"elementor-element elementor-element-2f274b1 elementor-widget elementor-widget-heading\" data-id=\"2f274b1\" data-element_type=\"widget\" data-widget_type=\"heading.default\">\n\t\t\t\t<div class=\"elementor-widget-container\">\n\t\t\t<h2 class=\"elementor-heading-title elementor-size-default\">RVOE: SE-002-2022-ES<\/h2>\t\t<\/div>\n\t\t\t\t<\/div>\n\t\t\t\t\t<\/div>\n\t\t\t\t<\/div>\n\t\t<div class=\"elementor-element elementor-element-1c4b3ee e-flex e-con-boxed e-con e-parent\" data-id=\"1c4b3ee\" data-element_type=\"container\" data-settings=\"{&quot;background_background&quot;:&quot;classic&quot;,&quot;content_width&quot;:&quot;boxed&quot;}\" data-core-v316-plus=\"true\">\n\t\t\t\t\t<div class=\"e-con-inner\">\n\t\t\t\t<div class=\"elementor-element elementor-element-616d90c elementor-widget elementor-widget-text-editor\" data-id=\"616d90c\" data-element_type=\"widget\" data-widget_type=\"text-editor.default\">\n\t\t\t\t<div class=\"elementor-widget-container\">\n\t\t\t<style>\/*! elementor - v3.16.0 - 20-09-2023 *\/\n.elementor-widget-text-editor.elementor-drop-cap-view-stacked .elementor-drop-cap{background-color:#69727d;color:#fff}.elementor-widget-text-editor.elementor-drop-cap-view-framed .elementor-drop-cap{color:#69727d;border:3px solid;background-color:transparent}.elementor-widget-text-editor:not(.elementor-drop-cap-view-default) .elementor-drop-cap{margin-top:8px}.elementor-widget-text-editor:not(.elementor-drop-cap-view-default) .elementor-drop-cap-letter{width:1em;height:1em}.elementor-widget-text-editor .elementor-drop-cap{float:left;text-align:center;line-height:1;font-size:50px}.elementor-widget-text-editor .elementor-drop-cap-letter{display:inline-block}<\/style>\t\t\t\t<p>El objetivo del plan de estudios es formar profesionistas desde una perspectiva filos\u00f3fica, humanista y \u00e9tica, capaces de aplicar conceptos y categor\u00edas en el desarrollo organizacional y empresarial. Las herramientas le permitir\u00e1n analizar y aplicar diferentes modelos y procesos de innovaci\u00f3n de forma cr\u00edtica y ampliar el potencial creativo para generar nuevas ideas y conocimientos en cualquier sistema existente.<\/p><p><span style=\"font-size: inherit; text-align: inherit; color: var(--theme-text-color); font-family: var(--fontFamily); font-style: var(--fontStyle, inherit); letter-spacing: var(--letterSpacing); text-transform: var(--textTransform);\"><b>DURACI\u00d3N DEL PROGRAMA: TRES CUATRIMESTRES<\/b><\/span><\/p>\t\t\t\t\t\t<\/div>\n\t\t\t\t<\/div>\n\t\t\t\t\t<\/div>\n\t\t\t\t<\/div>\n\t\t<div class=\"elementor-element elementor-element-3ded7d8 e-flex e-con-boxed e-con e-parent\" data-id=\"3ded7d8\" data-element_type=\"container\" data-settings=\"{&quot;content_width&quot;:&quot;boxed&quot;}\" data-core-v316-plus=\"true\">\n\t\t\t\t\t<div class=\"e-con-inner\">\n\t\t\t\t<div class=\"elementor-element elementor-element-9b3a4e7 elementor-widget elementor-widget-text-editor\" data-id=\"9b3a4e7\" data-element_type=\"widget\" data-widget_type=\"text-editor.default\">\n\t\t\t\t<div class=\"elementor-widget-container\">\n\t\t\t\t\t\t\t<p>PERFIL DE INGRESO<\/p><ul><li><span style=\"font-size: inherit; text-align: inherit; color: var(--theme-text-color); font-family: var(--fontFamily); font-style: var(--fontStyle, inherit); font-weight: var(--fontWeight); letter-spacing: var(--letterSpacing); text-transform: var(--textTransform);\">Habilidad de pensamiento cr\u00edtico y reflexivo.<\/span><\/li><li>Inter\u00e9s por las corrientes filos\u00f3ficas y los procesos de innovaci\u00f3n.<\/li><li>Compresi\u00f3n lectora en ingl\u00e9s y redacci\u00f3n de textos acad\u00e9micos.<\/li><li>Aprendizaje independiente y dominio de herramientas digitales.<\/li><\/ul><p><span style=\"font-size: inherit; text-align: inherit; color: var(--theme-text-color); font-family: var(--fontFamily); font-style: var(--fontStyle, inherit); font-weight: var(--fontWeight); letter-spacing: var(--letterSpacing); text-transform: var(--textTransform);\">PERFIL DE EGRESO<\/span><\/p><p><span style=\"font-size: inherit; text-align: inherit; color: var(--theme-text-color); font-family: var(--fontFamily); font-style: var(--fontStyle, inherit); font-weight: var(--fontWeight); letter-spacing: var(--letterSpacing); text-transform: var(--textTransform);\">Los egresados de este programa tendr\u00e1n las herramientas para transferir el conocimiento al desarrollo pr\u00e1ctico y desde modelos de innovaci\u00f3n en organizaciones privadas, sociales y p\u00fablicas. Entre los conocimientos, habilidades y actitudes que los estudiantes adquirir\u00e1n se encuentran los siguientes:<\/span><\/p><ul><li><span style=\"font-size: inherit; text-align: inherit; color: var(--theme-text-color); font-family: var(--fontFamily); font-style: var(--fontStyle, inherit); font-weight: var(--fontWeight); letter-spacing: var(--letterSpacing); text-transform: var(--textTransform);\">Conocimientos desde una perspectiva filos\u00f3fica, \u00e9tica y \u00fatil en diversas organizaciones y el sector empresarial.<\/span><\/li><li>Competencias para dise\u00f1ar, organizar y evaluar los m\u00e9todos aplicables en la gesti\u00f3n del conocimiento.<\/li><li>Dominio de herramientas para el desarrollo de proyectos desde el dise\u00f1o de estrategias eficaces.<\/li><li>Redacci\u00f3n de textos con rigor cient\u00edfico y acad\u00e9mico.<\/li><li>Pensamiento anal\u00edtico y propositivo para la creaci\u00f3n de nuevos modelos de innovaci\u00f3n.<\/li><\/ul><p><span style=\"font-size: inherit; text-align: inherit; color: var(--theme-text-color); font-family: var(--fontFamily); font-style: var(--fontStyle, inherit); font-weight: var(--fontWeight); letter-spacing: var(--letterSpacing); text-transform: var(--textTransform);\">COMPETENCIAS Y HABILIDADES A DESARROLLAR<\/span><\/p><ul><li><span style=\"font-size: inherit; text-align: inherit; color: var(--theme-text-color); font-family: var(--fontFamily); font-style: var(--fontStyle, inherit); font-weight: var(--fontWeight); letter-spacing: var(--letterSpacing); text-transform: var(--textTransform);\">PENSAMIENTO CR\u00cdTICO<\/span><\/li><li><span style=\"font-size: inherit; text-align: inherit; color: var(--theme-text-color); font-family: var(--fontFamily); font-style: var(--fontStyle, inherit); font-weight: var(--fontWeight); letter-spacing: var(--letterSpacing); text-transform: var(--textTransform);\">GESTI\u00d3N DEL CONOCIMIENTO<\/span><\/li><li>\u00a0<span style=\"font-size: inherit; text-align: inherit; color: var(--theme-text-color); font-family: var(--fontFamily); font-style: var(--fontStyle, inherit); font-weight: var(--fontWeight); letter-spacing: var(--letterSpacing); text-transform: var(--textTransform);\">CREATIVIDAD E INNOVACI\u00d3N<\/span><\/li><li><span style=\"font-size: inherit; text-align: inherit; color: var(--theme-text-color); font-family: var(--fontFamily); font-style: var(--fontStyle, inherit); font-weight: var(--fontWeight); letter-spacing: var(--letterSpacing); text-transform: var(--textTransform);\">DESARROLLO ORGANIZACIONAL<\/span><\/li><\/ul><div>\u00a0<\/div>\t\t\t\t\t\t<\/div>\n\t\t\t\t<\/div>\n\t\t\t\t<div class=\"elementor-element elementor-element-603b338 elementor-mobile-align-center elementor-align-center elementor-widget elementor-widget-button\" data-id=\"603b338\" data-element_type=\"widget\" data-widget_type=\"button.default\">\n\t\t\t\t<div class=\"elementor-widget-container\">\n\t\t\t\t\t<div class=\"elementor-button-wrapper\">\n\t\t\t<a class=\"elementor-button elementor-button-link elementor-size-md elementor-animation-float\" href=\"https:\/\/uninnco.mx\/portal\/wp-content\/uploads\/2024\/07\/10jul2024_ESPFILOSOFIA.pdf\" target=\"_blank\">\n\t\t\t\t\t\t<span class=\"elementor-button-content-wrapper\">\n\t\t\t\t\t\t<span class=\"elementor-button-text\">DESCARGAR PLAN DE ESTUDIOS<\/span>\n\t\t<\/span>\n\t\t\t\t\t<\/a>\n\t\t<\/div>\n\t\t\t\t<\/div>\n\t\t\t\t<\/div>\n\t\t\t\t\t<\/div>\n\t\t\t\t<\/div>\n\t\t\t\t\t\t\t<\/div>\n\t\t","protected":false},"excerpt":{"rendered":"<p>Especialidad en Filosof\u00eda y \u00c9tica de la Innovaci\u00f3n RVOE: SE-002-2022-ES El objetivo del plan de estudios es formar profesionistas desde una perspectiva filos\u00f3fica, humanista y \u00e9tica, capaces de aplicar conceptos y categor\u00edas en el desarrollo organizacional y empresarial. Las herramientas le permitir\u00e1n analizar y aplicar diferentes modelos y procesos de innovaci\u00f3n de forma cr\u00edtica y [&hellip;]<\/p>\n","protected":false},"author":1,"featured_media":0,"parent":0,"menu_order":0,"comment_status":"closed","ping_status":"closed","template":"","meta":{"footnotes":""},"class_list":["post-1648","page","type-page","status-publish","hentry"],"blocksy_meta":[],"_links":{"self":[{"href":"https:\/\/uninnco.mx\/portal\/wp-json\/wp\/v2\/pages\/1648","targetHints":{"allow":["GET"]}}],"collection":[{"href":"https:\/\/uninnco.mx\/portal\/wp-json\/wp\/v2\/pages"}],"about":[{"href":"https:\/\/uninnco.mx\/portal\/wp-json\/wp\/v2\/types\/page"}],"author":[{"embeddable":true,"href":"https:\/\/uninnco.mx\/portal\/wp-json\/wp\/v2\/users\/1"}],"replies":[{"embeddable":true,"href":"https:\/\/uninnco.mx\/portal\/wp-json\/wp\/v2\/comments?post=1648"}],"version-history":[{"count":22,"href":"https:\/\/uninnco.mx\/portal\/wp-json\/wp\/v2\/pages\/1648\/revisions"}],"predecessor-version":[{"id":2455,"href":"https:\/\/uninnco.mx\/portal\/wp-json\/wp\/v2\/pages\/1648\/revisions\/2455"}],"wp:attachment":[{"href":"https:\/\/uninnco.mx\/portal\/wp-json\/wp\/v2\/media?parent=1648"}],"curies":[{"name":"wp","href":"https:\/\/api.w.org\/{rel}","templated":true}]}}